d by 162.
10
Calculate the remainder when 290 is divided by 33.
26
Calculate the remainder when 203 is divided by 60.
23
Calculate the remainder when 12 is divided by 4.
0
Calculate the remainder when 409 is divided by 15.
4
Calculate the remainder when 6113 is divided by 90.
83
Calculate the remainder when 19904 is divided by 63.
59
What is the remainder when 93 is divided by 13?
2
What is the remainder when 657 is divided by 33?
30
Calculate the remainder when 321 is divided by 54.
51
Calculate the remainder when 1126 is divided by 4.
2
Calculate the remainder when 581 is divided by 28.
21
What is the remainder when 3984 is divided by 1321?
21
Calculate the remainder when 36 is divided by 22.
14
What is the remainder when 5037 is divided by 144?
141
Calculate the remainder when 412 is divided by 59.
58
Calculate the remainder when 5723 is divided by 32.
27
Calculate the remainder when 539 is divided by 7.
0
Calculate the remainder when 346 is divided by 88.
82
What is the remainder when 2911 is divided by 171?
4
What is the remainder when 509 is divided by 216?
77
Calculate the remainder when 2830 is divided by 566.
0
Calculate the remainder when 192 is divided by 43.
20
What is the remainder when 934 is divided by 36?
34
Calculate the remainder when 3416 is divided by 57.
53
Calculate the remainder when 1583 is divided by 105.
8
What is the remainder when 13354 is divided by 19?
16
What is the remainder when 58 is divided by 28?
2
Calculate the remainder when 125 is divided by 52.
21
What is the remainder when 310 is divided by 45?
40
What is the remainder when 1399 is divided by 61?
57
Calculate the remainder when 112 is divided by 68.
44
Calculate the remainder when 71 is divided by 19.
14
Calculate the remainder when 221 is divided by 42.
11
What is the remainder when 3693 is divided by 176?
173
Calculate the remainder when 72 is divided by 31.
10
Calculate the remainder when 473 is divided by 70.
53
What is the remainder when 6236 is divided by 2074?
14
Calculate the remainder when 1364 is divided by 165.
44
What is the remainder when 245 is divided by 138?
107
Calculate the remainder when 575 is divided by 193.
189
Calculate the remainder when 4508 is divided by 1496.
20
What is the remainder when 21 is divided by 15?
6
Calculate the remainder when 960 is divided by 246.
222
What is the remainder when 17 is divided by 13?
4
Calculate the remainder when 196 is divided by 75.
46
Calculate the remainder when 287 is divided by 16.
15
What is the remainder when 1285 is divided by 642?
1
What is the remainder when 730 is divided by 40?
10
Calculate the remainder when 313 is divided by 82.
67
Calculate the remainder when 1411 is divided by 201.
4
Calculate the remainder when 405 is divided by 24.
21
Calculate the remainder when 58 is divided by 54.
4
What is the remainder when 636 is divided by 13?
12
What is the remainder when 72 is divided by 33?
6
What is the remainder when 284 is divided by 48?
44
Calculate the remainder when 595 is divided by 166.
97
Calculate the remainder when 450 is divided by 43.
20
Calculate the remainder when 185 is divided by 149.
36
Calculate the remainder when 5027 is divided by 219.
209
What is the remainder when 549 is divided by 29?
27
What is the remainder when 155 is divided by 17?
2
Calculate the remainder when 631 is divided by 53.
48
What is the remainder when 95 is divided by 12?
11
Calculate the remainder when 202 is divided by 70.
62
What is the remainder when 248 is divided by 14?
10
Calculate the remainder when 103 is divided by 27.
22
Calculate the remainder when 2036 is divided by 670.
26
What is the remainder when 7727 is divided by 5?
2
Calculate the remainder when 555 is divided by 80.
75
Calculate the remainder when 182 is divided by 21.
14
What is the remainder when 302 is divided by 102?
98
Calculate the remainder when 532 is divided by 13.
12
Calculate the remainder when 122 is divided by 38.
8
Calculate the remainder when 83 is divided by 31.
21
What is the remainder when 4469 is divided by 86?
83
Calculate the remainder when 97 is divided by 18.
7
What is the remainder when 74 is divided by 64?
10
What is the remainder when 5986 is divided by 12?
10
Calculate the remainder when 312 is divided by 83.
63
What is the remainder when 144 is divided by 106?
38
What is the remainder when 925 is divided by 42?
1
What is the remainder when 398 is divided by 31?
26
What is the remainder when 150 is divided by 20?
10
Calculate the remainder when 39464 is divided by 44.
40
Calculate the remainder when 395 is divided by 180.
35
What is the remainder when 355 is divided by 90?
85
What is the remainder when 226 is divided by 61?
43
What is the remainder when 2561 is divided by 78?
65
Calculate the remainder when 441 is divided by 15.
6
What is the remainder when 99 is divided by 20?
19
What is the remainder when 1686 is divided by 94?
88
Calculate the remainder when 80 is divided by 43.
37
What is the remainder when 109 is divided by 40?
29
What is the remainder when 522 is divided by 161?
39
Calculate the remainder when 1797 is divided by 596.
9
Calculate the remainder when 1068 is divided by 40.
28
Calculate the remainder when 85 is divided by 22.
19
What is the remainder when 528 is divided by 255?
18
Calculate the remainder when 1268 is divided by 203.
50
Calculate the remainder when 479 is divided by 34.
3
Calculate the remainder when 60 is divided by 38.
22
Calculate the remainder when 663 is divided by 130.
13
Calculate the remainder when 1966 is divided by 8.
6
What is the remainder when 2128 is divided by 97?
91
Calculate the remainder when 6357 is divided by 120.
117
What is the remainder when 1082 is divided by 157?
140
Calculate the remainder when 314 is divided by 113.
88
Calculate the remainder when 464 is divided by 61.
37
Calculate the remainder when 140 is divided by 29.
24
Calculate the remainder when 115 is divided by 17.
13
Calculate the remainder when 699 is divided by 139.
4
What is the remainder when 29 is divided by 14?
1
Calculate the remainder when 26305 is divided by 15.
10
What is the remainder when 173 is divided by 3?
2
Calculate the remainder when 3089 is divided by 771.
5
What is the remainder when 607 is divided by 369?
238
Calculate the remainder when 8 is divided by 6.
2
Calculate the remainder when 14386 is divided by 66.
64
What is the remainder when 528 is divided by 60?
48
What is the remainder when 290 is divided by 76?
62
What is the remainder when 677 is divided by 34?
31
Calculate the remainder when 353 is divided by 59.
58
Calculate the remainder when 41757 is divided by 30.
27
Calculate the remainder when 92 is divided by 24.
20
What is the remainder when 1128 is divided by 96?
72
Calculate the remainder when 251 is divided by 149.
102
What is the remainder when 21326 is divided by 124?
122
Calculate the remainder when 537 is divided by 164.
45
Calculate the remainder when 29 is divided by 16.
13
What is the remainder when 304 is divided by 160?
144
Calculate the remainder when 59 is divided by 5.
4
What is the remainder when 6571 is divided by 38?
35
What is the remainder when 106 is divided by 12?
10
Calculate the remainder when 1363 is divided by 149.
22
Calculate the remainder when 47 is divided by 6.
5
Calculate the remainder when 4533 is divided by 1507.
12
Calculate the remainder when 163 is divided by 60.
43
What is the remainder when 395 is divided by 14?
3
What is the remainder when 386 is divided by 81?
62
Calculate the remainder when 3313 is divided by 51.
49
Calculate the remainder when 220 is divided by 76.
68
What is the remainder when 2172 is divided by 87?
84
Calculate the remainder when 4131 is divided by 39.
36
What is the remainder when 789 is divided by 24?
21
Calculate the remainder when 202 is divided by 198.
4
Calculate the remainder when 165 is divided by 65.
35
What is the remainder when 216 is divided by 36?
0
What is the remainder when 2193 is divided by 58?
47
What is the remainder when 2359 is divided by 40?
39
What is the remainder when 383 is divided by 55?
53
Calculate the remainder when 198 is divided by 34.
28
Calculate the remainder when 141 is divided by 50.
41
Calculate the remainder when 555 is divided by 62.
59
Cal